{"id":3214,"date":"2015-07-03T09:44:57","date_gmt":"2015-07-03T09:44:57","guid":{"rendered":"http:\/\/themes.themegoods.com\/photography\/demo1\/?page_id=3214"},"modified":"2021-01-25T12:07:44","modified_gmt":"2021-01-25T12:07:44","slug":"about-me-1","status":"publish","type":"page","link":"https:\/\/pablomaurizfotografia.com\/index.php\/pages\/about-me-1\/","title":{"rendered":"Sobre Mi"},"content":{"rendered":"<div class=\"standard_wrapper\">\n<div  class=\"one_third withsmallpadding ppb_header \" style=\"text-align:left;padding:30px 0 30px 0;\" >\n<div class=\"page_content_wrapper\">\n<div class=\"inner\">\n<div style=\"margin:auto;width:100%\">\n<h2 class=\"ppb_title\" style=\"\">\u00bfQui\u00e9n soy?<\/h2>\n<hr class=\"title_break left\" style=\"\"\/>\n<div class=\"ppb_header_content\">\n<p>Un apasionado de la fotograf\u00eda de paisaje, la t\u00e9cnica fotogr\u00e1fica y la composici\u00f3n. El v\u00eddeo vino a continuaci\u00f3n, haciendo que la pasi\u00f3n por inmortalizar momentos crezca<\/p>\n<\/div>\n<\/div>\n<\/div>\n<\/div>\n<\/div>\n<\/div>\n<div class=\"standard_wrapper\">\n<div  class=\"two_third last withsmallpadding ppb_text\" style=\"padding:30px 0 30px 0;\" >\n<div class=\"standard_wrapper\">\n<div class=\"page_content_wrapper\">\n<div class=\"inner\">\n<div style=\"margin:auto;width:100%\">\n<p>Para m\u00ed, la fotograf\u00eda es el medio que tengo de mostrar mi percepci\u00f3n de la est\u00e9tica y la armon\u00eda de lo que me rodea.<br \/>\nIntento, en cada fotograf\u00eda que realizo, que todo est\u00e9 en el lugar que debe ocupar y como un escritor cuando crea una obra literaria, crear un argumento que invite a recorrer toda la obra para enganchar al, en este caso, observador.<br \/>\nDesde peque\u00f1o siempre sent\u00ed el est\u00edmulo del arte, primero con la m\u00fasica, mi otra gran pasi\u00f3n, pero siempre mirando de reojo la fotograf\u00eda, con una c\u00e1mara en la mano.<br \/>\nA ra\u00edz de viajar y visitar otros lugares, siento la necesidad de\u00a0 plasmar mis sensaciones y la fotograf\u00eda empieza a ocupar un primer plano en mis intereses, lo que me genera grandes inquietudes. Gracias a la formaci\u00f3n que recibo por parte de algunos de los mejores fot\u00f3grafos de nuestro pa\u00eds, entre ellos mi buen amigo Fran Nieto (https:\/\/frannieto.es\/), al que considero, posiblemente, mi influencia m\u00e1s importante, se me despeja el camino que hace que perciba la fotograf\u00eda tal y como la percibo ahora mismo.<\/p>\n<\/div>\n<\/div>\n<\/div>\n<\/div>\n<\/div>\n<\/div>\n<div class=\"standard_wrapper\">\n<div  class=\"two_third withsmallpadding ppb_text\" style=\"padding:30px 0 30px 0;\" >\n<div class=\"standard_wrapper\">\n<div class=\"page_content_wrapper\">\n<div class=\"inner\">\n<div style=\"margin:auto;width:100%\">\n<p>No veo la fotograf\u00eda como una competici\u00f3n sino, como dije antes, como un medio de plasmar lo que siento y veo en el instante que queda\u00a0inmortalizado cuando pulso el disparador de mi c\u00e1mara.<br \/>\nEs por este motivo que intento compartir mis experiencias y los conocimientos que voy adquiriendo, mediante charlas, cursos o talleres en diversas asociaciones en las que participo, para intentar que haya m\u00e1s personas que perciban y sientan la fotograf\u00eda como yo lo hago.<br \/>\nDentro de mi filosof\u00eda, est\u00e1 el ayudar o dar respuesta, siempre dentro de mis posibilidades, a las dudas que le pueda surgir a todo aquel que me quiera preguntar.\u00a0<\/p>\n<\/div>\n<\/div>\n<\/div>\n<\/div>\n<\/div>\n<\/div>\n<div class=\"standard_wrapper\">\n<div  class=\"one_third last withsmallpadding ppb_text\" style=\"padding:30px 0 30px 0;\" >\n<div class=\"standard_wrapper\">\n<div class=\"page_content_wrapper\">\n<div class=\"inner\">\n<div style=\"margin:auto;width:100%\">\n<p><img decoding=\"async\" loading=\"lazy\" class=\"alignnone size-medium wp-image-6086 aligncenter\" src=\"https:\/\/pablomaurizfotografia.com\/wp-content\/uploads\/2021\/01\/7bd75027-00da-46de-87c0-0c3fb8858b1c_rw_1920-300x200.jpg\" alt=\"\" width=\"300\" height=\"200\" \/><\/p>\n<\/div>\n<\/div>\n<\/div>\n<\/div>\n<\/div>\n<\/div>\n<div class=\"standard_wrapper\">\n<div  class=\"one_third withsmallpadding ppb_text\" style=\"padding:30px 0 30px 0;\" >\n<div class=\"standard_wrapper\">\n<div class=\"page_content_wrapper\">\n<div class=\"inner\">\n<div style=\"margin:auto;width:100%\">\n<p><img decoding=\"async\" loading=\"lazy\" class=\"alignnone size-medium wp-image-6085 aligncenter\" src=\"https:\/\/pablomaurizfotografia.com\/wp-content\/uploads\/2021\/01\/58a39c33-ac1c-41f3-a74d-a7df4901dbc5_rw_1920-300x200.jpg\" alt=\"\" width=\"300\" height=\"200\" \/><\/p>\n<\/div>\n<\/div>\n<\/div>\n<\/div>\n<\/div>\n<\/div>\n<div class=\"standard_wrapper\">\n<div  class=\"two_third last withsmallpadding ppb_text\" style=\"padding:30px 0 30px 0;\" >\n<div class=\"standard_wrapper\">\n<div class=\"page_content_wrapper\">\n<div class=\"inner\">\n<div style=\"margin:auto;width:100%\">\n<p>A parte de la fotograf\u00eda, tambi\u00e9n despert\u00f3 en m\u00ed\u00a0la curiosidad por la\u00a0videograf\u00eda, gracias a poder disponer de herramientas compatibles con ambas disciplinas.<br \/>\nActualmente colaboro, como vide\u00f3grafo de eventos sociales, con mis amigos de Visualtec Film Studio (https:\/\/visualtec.studio\/) y producci\u00f3n audiovisual (htpps:\/\/visualtec.video), que me dieron la oportunidad de aprender y poder disfrutar capturando los momentos m\u00e1s felices y especiales de la gente.\u00a0<br \/>\nSin duda, un nuevo reto, del que me queda a\u00fan mucho camino que recorrer, pero es que en esta vida, si se quiere, nunca se deja de aprender.<br \/>\nEspero que todo el que llegue aqu\u00ed, disfrute contemplando\u00a0toda mi obra, tanto como yo\u00a0disfruto mostr\u00e1ndola.<\/p>\n<\/div>\n<\/div>\n<\/div>\n<\/div>\n<\/div>\n<\/div>\n<div class=\"standard_wrapper\">\n<div  class=\"two_third last withsmallpadding ppb_text\" style=\"padding:30px 0 30px 0;\" >\n<div class=\"standard_wrapper\">\n<div class=\"page_content_wrapper\">\n<div class=\"inner\">\n<div style=\"margin:auto;width:100%\">\n<p>A parte de la fotograf\u00eda, tambi\u00e9n despert\u00f3 en m\u00ed\u00a0la curiosidad por la\u00a0videograf\u00eda, gracias a poder disponer de herramientas compatibles con ambas disciplinas.<br \/>\nActualmente colaboro, como vide\u00f3grafo de eventos sociales, con mis amigos de Visualtec Film Studio (https:\/\/visualtec.studio\/) y producci\u00f3n audiovisual (htpps:\/\/visualtec.video), que me dieron la oportunidad de aprender y poder disfrutar capturando los momentos m\u00e1s felices y especiales de la gente.\u00a0<br \/>\nSin duda, un nuevo reto, del que me queda a\u00fan mucho camino que recorrer, pero es que en esta vida, si se quiere, nunca se deja de aprender.<br \/>\nEspero que todo el que llegue aqu\u00ed, disfrute contemplando\u00a0toda mi obra, tanto como yo\u00a0disfruto mostr\u00e1ndola.<\/p>\n<\/div>\n<\/div>\n<\/div>\n<\/div>\n<\/div>\n<\/div>\n<div class=\"standard_wrapper\">\n<div  class=\"two_third last withsmallpadding ppb_text\" style=\"padding:30px 0 30px 0;\" >\n<div class=\"standard_wrapper\">\n<div class=\"page_content_wrapper\">\n<div class=\"inner\">\n<div style=\"margin:auto;width:100%\">\n<p>A parte de la fotograf\u00eda, tambi\u00e9n despert\u00f3 en m\u00ed\u00a0la curiosidad por la\u00a0videograf\u00eda, gracias a poder disponer de herramientas compatibles con ambas disciplinas.<br \/>\nActualmente colaboro, como vide\u00f3grafo de eventos sociales, con mis amigos de Visualtec Film Studio (https:\/\/visualtec.studio\/) y producci\u00f3n audiovisual (htpps:\/\/visualtec.video), que me dieron la oportunidad de aprender y poder disfrutar capturando los momentos m\u00e1s felices y especiales de la gente.\u00a0<br \/>\nSin duda, un nuevo reto, del que me queda a\u00fan mucho camino que recorrer, pero es que en esta vida, si se quiere, nunca se deja de aprender.<br \/>\nEspero que todo el que llegue aqu\u00ed, disfrute contemplando\u00a0toda mi obra, tanto como yo\u00a0disfruto mostr\u00e1ndola.<\/p>\n<\/div>\n<\/div>\n<\/div>\n<\/div>\n<\/div>\n<\/div>\n<div class=\"standard_wrapper\">\n<div  class=\"two_third last withsmallpadding ppb_text\" style=\"padding:30px 0 30px 0;\" >\n<div class=\"standard_wrapper\">\n<div class=\"page_content_wrapper\">\n<div class=\"inner\">\n<div style=\"margin:auto;width:100%\">\n<p>A parte de la fotograf\u00eda, tambi\u00e9n despert\u00f3 en m\u00ed\u00a0la curiosidad por la\u00a0videograf\u00eda, gracias a poder disponer de herramientas compatibles con ambas disciplinas.<br \/>\nActualmente colaboro, como vide\u00f3grafo de eventos sociales, con mis amigos de Visualtec Film Studio (https:\/\/visualtec.studio\/) y producci\u00f3n audiovisual (htpps:\/\/visualtec.video), que me dieron la oportunidad de aprender y poder disfrutar capturando los momentos m\u00e1s felices y especiales de la gente.\u00a0<br \/>\nSin duda, un nuevo reto, del que me queda a\u00fan mucho camino que recorrer, pero es que en esta vida, si se quiere, nunca se deja de aprender.<br \/>\nEspero que todo el que llegue aqu\u00ed, disfrute contemplando\u00a0toda mi obra, tanto como yo\u00a0disfruto mostr\u00e1ndola.<\/p>\n<\/div>\n<\/div>\n<\/div>\n<\/div>\n<\/div>\n<\/div>\n<div class=\"standard_wrapper\">\n<div  class=\"two_third last withsmallpadding ppb_text\" style=\"padding:30px 0 30px 0;\" >\n<div class=\"standard_wrapper\">\n<div class=\"page_content_wrapper\">\n<div class=\"inner\">\n<div style=\"margin:auto;width:100%\">\n<p>A parte de la fotograf\u00eda, tambi\u00e9n despert\u00f3 en m\u00ed\u00a0la curiosidad por la\u00a0videograf\u00eda, gracias a poder disponer de herramientas compatibles con ambas disciplinas.<br \/>\nActualmente colaboro, como vide\u00f3grafo de eventos sociales, con mis amigos de Visualtec Film Studio (https:\/\/visualtec.studio\/) y producci\u00f3n audiovisual (htpps:\/\/visualtec.video), que me dieron la oportunidad de aprender y poder disfrutar capturando los momentos m\u00e1s felices y especiales de la gente.\u00a0<br \/>\nSin duda, un nuevo reto, del que me queda a\u00fan mucho camino que recorrer, pero es que en esta vida, si se quiere, nunca se deja de aprender.<br \/>\nEspero que todo el que llegue aqu\u00ed, disfrute contemplando\u00a0toda mi obra, tanto como yo\u00a0disfruto mostr\u00e1ndola.<\/p>\n<\/div>\n<\/div>\n<\/div>\n<\/div>\n<\/div>\n<\/div>\n<div class=\"standard_wrapper\">\n<div  class=\"two_third last withsmallpadding ppb_text\" style=\"padding:30px 0 30px 0;\" >\n<div class=\"standard_wrapper\">\n<div class=\"page_content_wrapper\">\n<div class=\"inner\">\n<div style=\"margin:auto;width:100%\">\n<p>A parte de la fotograf\u00eda, tambi\u00e9n despert\u00f3 en m\u00ed\u00a0la curiosidad por la\u00a0videograf\u00eda, gracias a poder disponer de herramientas compatibles con ambas disciplinas.<br \/>\nActualmente colaboro, como vide\u00f3grafo de eventos sociales, con mis amigos de Visualtec Film Studio (https:\/\/visualtec.studio\/) y producci\u00f3n audiovisual (htpps:\/\/visualtec.video), que me dieron la oportunidad de aprender y poder disfrutar capturando los momentos m\u00e1s felices y especiales de la gente.\u00a0<br \/>\nSin duda, un nuevo reto, del que me queda a\u00fan mucho camino que recorrer, pero es que en esta vida, si se quiere, nunca se deja de aprender.<br \/>\nEspero que todo el que llegue aqu\u00ed, disfrute contemplando\u00a0toda mi obra, tanto como yo\u00a0disfruto mostr\u00e1ndola.<\/p>\n<\/div>\n<\/div>\n<\/div>\n<\/div>\n<\/div>\n<\/div>\n<div class=\"standard_wrapper\">\n<div  class=\"two_third last withsmallpadding ppb_text\" style=\"padding:30px 0 30px 0;\" >\n<div class=\"standard_wrapper\">\n<div class=\"page_content_wrapper\">\n<div class=\"inner\">\n<div style=\"margin:auto;width:100%\">\n<p>A parte de la fotograf\u00eda, tambi\u00e9n despert\u00f3 en m\u00ed\u00a0la curiosidad por la\u00a0videograf\u00eda, gracias a poder disponer de herramientas compatibles con ambas disciplinas.<br \/>\nActualmente colaboro, como vide\u00f3grafo de eventos sociales, con mis amigos de Visualtec Film Studio (https:\/\/visualtec.studio\/) y producci\u00f3n audiovisual (htpps:\/\/visualtec.video), que me dieron la oportunidad de aprender y poder disfrutar capturando los momentos m\u00e1s felices y especiales de la gente.\u00a0<br \/>\nSin duda, un nuevo reto, del que me queda a\u00fan mucho camino que recorrer, pero es que en esta vida, si se quiere, nunca se deja de aprender.<br \/>\nEspero que todo el que llegue aqu\u00ed, disfrute contemplando\u00a0toda mi obra, tanto como yo\u00a0disfruto mostr\u00e1ndola.<\/p>\n<\/div>\n<\/div>\n<\/div>\n<\/div>\n<\/div>\n<\/div>\n<div class=\"standard_wrapper\">\n<div  class=\"two_third last withsmallpadding ppb_text\" style=\"padding:30px 0 30px 0;\" >\n<div class=\"standard_wrapper\">\n<div class=\"page_content_wrapper\">\n<div class=\"inner\">\n<div style=\"margin:auto;width:100%\">\n<p>A parte de la fotograf\u00eda, tambi\u00e9n despert\u00f3 en m\u00ed\u00a0la curiosidad por la\u00a0videograf\u00eda, gracias a poder disponer de herramientas compatibles con ambas disciplinas.<br \/>\nActualmente colaboro, como vide\u00f3grafo de eventos sociales, con mis amigos de Visualtec Film Studio (https:\/\/visualtec.studio\/) y producci\u00f3n audiovisual (htpps:\/\/visualtec.video), que me dieron la oportunidad de aprender y poder disfrutar capturando los momentos m\u00e1s felices y especiales de la gente.\u00a0<br \/>\nSin duda, un nuevo reto, del que me queda a\u00fan mucho camino que recorrer, pero es que en esta vida, si se quiere, nunca se deja de aprender.<br \/>\nEspero que todo el que llegue aqu\u00ed, disfrute contemplando\u00a0toda mi obra, tanto como yo\u00a0disfruto mostr\u00e1ndola.<\/p>\n<\/div>\n<\/div>\n<\/div>\n<\/div>\n<\/div>\n<\/div>\n","protected":false},"excerpt":{"rendered":"","protected":false},"author":1,"featured_media":0,"parent":2434,"menu_order":0,"comment_status":"open","ping_status":"closed","template":"","meta":{"footnotes":""},"class_list":["post-3214","page","type-page","status-publish","hentry"],"_links":{"self":[{"href":"https:\/\/pablomaurizfotografia.com\/index.php\/wp-json\/wp\/v2\/pages\/3214","targetHints":{"allow":["GET"]}}],"collection":[{"href":"https:\/\/pablomaurizfotografia.com\/index.php\/wp-json\/wp\/v2\/pages"}],"about":[{"href":"https:\/\/pablomaurizfotografia.com\/index.php\/wp-json\/wp\/v2\/types\/page"}],"author":[{"embeddable":true,"href":"https:\/\/pablomaurizfotografia.com\/index.php\/wp-json\/wp\/v2\/users\/1"}],"replies":[{"embeddable":true,"href":"https:\/\/pablomaurizfotografia.com\/index.php\/wp-json\/wp\/v2\/comments?post=3214"}],"version-history":[{"count":38,"href":"https:\/\/pablomaurizfotografia.com\/index.php\/wp-json\/wp\/v2\/pages\/3214\/revisions"}],"predecessor-version":[{"id":6240,"href":"https:\/\/pablomaurizfotografia.com\/index.php\/wp-json\/wp\/v2\/pages\/3214\/revisions\/6240"}],"up":[{"embeddable":true,"href":"https:\/\/pablomaurizfotografia.com\/index.php\/wp-json\/wp\/v2\/pages\/2434"}],"wp:attachment":[{"href":"https:\/\/pablomaurizfotografia.com\/index.php\/wp-json\/wp\/v2\/media?parent=3214"}],"curies":[{"name":"wp","href":"https:\/\/api.w.org\/{rel}","templated":true}]}}